{"id":3,"date":"2023-07-03T11:07:18","date_gmt":"2023-07-03T11:07:18","guid":{"rendered":"http:\/\/ceng.btu.edu.tr\/yzuyo\/?page_id=3"},"modified":"2023-07-06T18:16:40","modified_gmt":"2023-07-06T15:16:40","slug":"privacy-policy","status":"publish","type":"page","link":"http:\/\/ceng.btu.edu.tr\/yzuyo\/privacy-policy","title":{"rendered":"Gizlilik Politikas\u0131"},"content":{"rendered":"\n<h2 class=\"wp-block-heading\">Kimiz<\/h2>\n\n\n\n<p>\u0130nternet sitemiz: http:\/\/ceng.btu.edu.tr\/yzuyo.<\/p>\n\n\n\n<p>Bu gizlilik politikas\u0131, Yapay Zeka Uygulamalar\u0131 Yaz Okulu&#8217;nun (buradaki &#8220;biz&#8221;, &#8220;bizim&#8221;, &#8220;yaz okulu&#8221;) ziyaret\u00e7ilerinin ki\u015fisel bilgilerinin nas\u0131l topland\u0131\u011f\u0131n\u0131, kullan\u0131ld\u0131\u011f\u0131n\u0131 ve korundu\u011funu a\u00e7\u0131klamaktad\u0131r. L\u00fctfen a\u015fa\u011f\u0131daki bilgileri dikkatlice okuyun:<\/p>\n\n\n\n<h2 class=\"wp-block-heading\">Ki\u015fisel Bilgilerin Toplanmas\u0131 ve Kullan\u0131m\u0131<\/h2>\n\n\n\n<p>Yaz okulumuzun web sitesini ziyaret ederken, ki\u015fisel olarak tan\u0131mlanabilen bilgilerinizi (ad\u0131n\u0131z, e-posta adresiniz, ileti\u015fim bilgileriniz vb.) talep etme hakk\u0131m\u0131z sakl\u0131d\u0131r. Bu t\u00fcr bilgiler, kay\u0131t i\u015flemleri, sorular\u0131n\u0131za yan\u0131t verme, size bilgi sa\u011flama veya yaz okulumuzun hizmetlerinden yararlanman\u0131z\u0131 sa\u011flama amac\u0131yla toplanabilir.<\/p>\n\n\n\n<p>Ki\u015fisel bilgileriniz, sizin a\u00e7\u0131k r\u0131zan\u0131z olmadan \u00fc\u00e7\u00fcnc\u00fc taraflarla payla\u015f\u0131lmayacakt\u0131r. Ancak, yasalar\u0131n gerektirdi\u011fi durumlar veya yasal i\u015flemlere uyum sa\u011flamak i\u00e7in ki\u015fisel bilgilerinizi a\u00e7\u0131klamam\u0131z gerekebilir.<\/p>\n\n\n\n<h2 class=\"wp-block-heading\">\u00c7erezler<\/h2>\n\n\n\n<p>Web sitemiz, \u00e7erezler (cookies) kullanabilir. \u00c7erezler, web taray\u0131c\u0131n\u0131z\u0131n sabit diskinizde depolad\u0131\u011f\u0131 k\u00fc\u00e7\u00fck metin dosyalar\u0131d\u0131r. Bu dosyalar, web sitesinin sizinle ilgili tercihlerinizi hat\u0131rlamas\u0131na ve web sitesini daha verimli hale getirmesine yard\u0131mc\u0131 olur. \u00c7erezler, ki\u015fisel kimlik bilgilerinizi toplamaz ve sizinle ilgili herhangi bir bilgiyi izlemek veya payla\u015fmak amac\u0131yla kullan\u0131lmaz.<\/p>\n\n\n\n<h2 class=\"wp-block-heading\">Di\u011fer Web Sitelerine Ba\u011flant\u0131lar<\/h2>\n\n\n\n<p>Web sitemiz, di\u011fer web sitelerine ba\u011flant\u0131lar i\u00e7erebilir. Ancak, bu web sitelerinin gizlilik uygulamalar\u0131yla ilgili herhangi bir sorumluluk ta\u015f\u0131mamaktay\u0131z. Ba\u011flant\u0131lar\u0131 kullanmadan \u00f6nce ba\u011fl\u0131 bulundu\u011funuz web sitesinin gizlilik politikas\u0131n\u0131 kontrol etmeniz \u00f6nerilir.<\/p>\n\n\n\n<h2 class=\"wp-block-heading\">Veri G\u00fcvenli\u011fi<\/h2>\n\n\n\n<p>Ki\u015fisel bilgilerinizi korumak i\u00e7in makul \u00f6nlemler al\u0131r\u0131z. Bununla birlikte, internet \u00fczerinden veri iletiminin tamamen g\u00fcvenli olmad\u0131\u011f\u0131n\u0131 unutmay\u0131n ve bilgilerinizi g\u00f6nderirken dikkatli olman\u0131z gerekti\u011fini hat\u0131rlat\u0131r\u0131z.<\/p>\n\n\n\n<h2 class=\"wp-block-heading\">De\u011fi\u015fiklikler<\/h2>\n\n\n\n<p>Bu gizlilik politikas\u0131, yaz okulumuzun takdirine ba\u011fl\u0131 olarak zaman zaman g\u00fcncellenebilir. Politikada yap\u0131lan de\u011fi\u015fiklikler web sitemizde yay\u0131nland\u0131ktan sonra ge\u00e7erliolacakt\u0131r. Bu nedenle, gizlilik politikam\u0131z\u0131n g\u00fcncel versiyonunu d\u00fczenli olarak kontrol etmeniz \u00f6nerilir.<\/p>\n\n\n\n<h2 class=\"wp-block-heading\">\u0130leti\u015fim<\/h2>\n\n\n\n<p>Gizlilik politikam\u0131z veya ki\u015fisel bilgilerinizle ilgili herhangi bir sorunuz varsa, l\u00fctfen bize sitemizde belirtti\u011fimiz ileti\u015fim bilgileri \u00fczerinden ula\u015f\u0131n.<\/p>\n","protected":false},"excerpt":{"rendered":"<p>Kimiz \u0130nternet sitemiz: http:\/\/ceng.btu.edu.tr\/yzuyo. Bu gizlilik politikas\u0131, Yapay Zeka Uygulamalar\u0131 Yaz Okulu&#8217;nun (buradaki &#8220;biz&#8221;, &#8220;bizim&#8221;, &#8220;yaz okulu&#8221;) ziyaret\u00e7ilerinin ki\u015fisel bilgilerinin nas\u0131l topland\u0131\u011f\u0131n\u0131, kullan\u0131ld\u0131\u011f\u0131n\u0131 ve korundu\u011funu a\u00e7\u0131klamaktad\u0131r. L\u00fctfen a\u015fa\u011f\u0131daki bilgileri dikkatlice okuyun: Ki\u015fisel Bilgilerin Toplanmas\u0131 ve Kullan\u0131m\u0131 Yaz okulumuzun web sitesini ziyaret ederken, ki\u015fisel olarak tan\u0131mlanabilen bilgilerinizi (ad\u0131n\u0131z, e-posta adresiniz, ileti\u015fim bilgileriniz vb.) talep etme hakk\u0131m\u0131z &hellip; <\/p>\n<p class=\"link-more\"><a href=\"http:\/\/ceng.btu.edu.tr\/yzuyo\/privacy-policy\" class=\"more-link\"><span class=\"screen-reader-text\"> &#8220;Gizlilik Politikas\u0131&#8221;<\/span>devam\u0131n\u0131 oku<\/a><\/p>\n","protected":false},"author":1,"featured_media":0,"parent":0,"menu_order":0,"comment_status":"closed","ping_status":"open","template":"","meta":[],"_links":{"self":[{"href":"http:\/\/ceng.btu.edu.tr\/yzuyo\/wp-json\/wp\/v2\/pages\/3"}],"collection":[{"href":"http:\/\/ceng.btu.edu.tr\/yzuyo\/wp-json\/wp\/v2\/pages"}],"about":[{"href":"http:\/\/ceng.btu.edu.tr\/yzuyo\/wp-json\/wp\/v2\/types\/page"}],"author":[{"embeddable":true,"href":"http:\/\/ceng.btu.edu.tr\/yzuyo\/wp-json\/wp\/v2\/users\/1"}],"replies":[{"embeddable":true,"href":"http:\/\/ceng.btu.edu.tr\/yzuyo\/wp-json\/wp\/v2\/comments?post=3"}],"version-history":[{"count":3,"href":"http:\/\/ceng.btu.edu.tr\/yzuyo\/wp-json\/wp\/v2\/pages\/3\/revisions"}],"predecessor-version":[{"id":197,"href":"http:\/\/ceng.btu.edu.tr\/yzuyo\/wp-json\/wp\/v2\/pages\/3\/revisions\/197"}],"wp:attachment":[{"href":"http:\/\/ceng.btu.edu.tr\/yzuyo\/wp-json\/wp\/v2\/media?parent=3"}],"curies":[{"name":"wp","href":"https:\/\/api.w.org\/{rel}","templated":true}]}}